ase 10?
-24
Convert 7 (base 11) to base 3.
21
What is 42 (base 13) in base 10?
54
1 (base 7) to base 3
1
Convert 3 (base 15) to base 6.
3
Convert -101 (base 13) to base 10.
-170
Convert 24 (base 14) to base 9.
35
-14 (base 9) to base 16
-d
What is 3 (base 14) in base 7?
3
-2 (base 13) to base 14
-2
Convert -21 (base 16) to base 4.
-201
115 (base 6) to base 13
38
8 (base 15) to base 3
22
What is -a (base 11) in base 15?
-a
1 (base 13) to base 7
1
Convert 23 (base 6) to base 9.
16
Convert 220 (base 4) to base 3.
1111
-2 (base 3) to base 14
-2
What is 512 (base 6) in base 4?
2330
200 (base 7) to base 13
77
What is 98 (base 14) in base 11?
112
What is -11101 (base 3) in base 16?
-76
Convert -43 (base 6) to base 5.
-102
1 (base 15) to base 11
1
-3 (base 10) to base 16
-3
-1210 (base 3) to base 9
-53
-2 (base 4) to base 5
-2
-5 (base 8) to base 16
-5
Convert 22 (base 9) to base 13.
17
Convert -18 (base 14) to base 5.
-42
Convert -b7 (base 16) to base 8.
-267
Convert -8 (base 15) to base 5.
-13
Convert 2 (base 8) to base 2.
10
26 (base 13) to base 12
28
Convert -2 (base 3) to base 13.
-2
Convert -6 (base 14) to base 5.
-11
What is 3 (base 16) in base 6?
3
11 (base 3) to base 5
4
Convert -26 (base 8) to base 3.
-211
What is 11 (base 5) in base 9?
6
Convert b (base 15) to base 11.
10
25 (base 7) to base 15
14
Convert 2 (base 14) to base 13.
2
3 (base 11) to base 9
3
-1 (base 16) to base 13
-1
12 (base 7) to base 16
9
What is 1 (base 16) in base 13?
1
42 (base 10) to base 16
2a
-2 (base 6) to base 14
-2
Convert 3 (base 6) to base 2.
11
75 (base 15) to base 11
a0
116 (base 14) to base 2
11011000
Convert 72 (base 12) to base 8.
126
Convert -44 (base 9) to base 4.
-220
Convert -160 (base 9) to base 11.
-113
Convert -100 (base 2) to base 7.
-4
What is -3c (base 13) in base 14?
-39
-17 (base 8) to base 5
-30
Convert -11 (base 5) to base 12.
-6
What is 222 (base 3) in base 11?
24
Convert 200 (base 3) to base 9.
20
Convert 41 (base 12) to base 15.
34
What is -2 (base 12) in base 6?
-2
What is -5 (base 7) in base 8?
-5
-4 (base 12) to base 6
-4
-9 (base 12) to base 8
-11
0 (base 10) to base 8
0
Convert -19 (base 12) to base 2.
-10101
What is -100001 (base 2) in base 5?
-113
120 (base 3) to base 7
21
-21 (base 11) to base 14
-19
-28 (base 11) to base 14
-22
What is -b6 (base 16) in base 2?
-10110110
Convert -58 (base 9) to base 3.
-1222
What is 1 (base 5) in base 12?
1
d1 (base 15) to base 9
237
Convert -5 (base 10) to base 2.
-101
What is -73 (base 13) in base 2?
-1011110
1013 (base 5) to base 16
85
Convert 2 (base 11) to base 4.
2
What is -6 (base 16) in base 7?
-6
-48 (base 14) to base 8
-100
1 (base 16) to base 11
1
Convert -111 (base 2) to base 4.
-13
What is 10 (base 10) in base 16?
a
What is -4 (base 13) in base 10?
-4
Convert 3c (base 14) to base 8.
66
-4f (base 16) to base 9
-87
What is 11111 (base 2) in base 6?
51
Convert 2 (base 8) to base 9.
2
What is -4 (base 5) in base 4?
-10
What is 2 (base 11) in base 7?
2
What is -20 (base 5) in base 8?
-12
-11 (base 12) to base 16
-d
2 (base 4) to base 14
2
Convert -300 (base 4) to base 13.
-39
What is -18 (base 13) in base 9?
-23
-1 (base 8) to base 5
-1
Convert -110 (base 6) to base 4.
-222
Convert -9b (base 15) to base 6.
-402
Convert 10100 (base 2) to base 10.
20
What is -1 (base 8) in base 16?
-1
2f (base 16) to base 5
142
-30 (base 7) to base 15
-16
10 (base 12) to base 2
1100
What is -3 (base 7) in base 2?
-11
3a (base 11) to base 16
2b
What is -10 (base 2) in base 15?
-2
-3 (base 16) to base 11
-3
Convert -121 (base 7) to base 6.
-144
56 (base 9) to base 4
303
-2332 (base 4) to base 6
-514
What is -12 (base 6) in base 16?
-8
Convert -101121 (base 3) to base 7.
-556
Convert -22 (base 6) to base 2.
-1110
80 (base 12) to base 5
341
1110011 (base 2) to base 11
a5
Convert 100 (base 2) to base 8.
4
What is 22 (base 14) in base 10?
30
a (base 12) to base 7
13
Convert -1 (base 6) to base 3.
-1
-1 (base 8) to base 13
-1
0 (base 6) to base 5
0
-124 (base 7) to base 9
-74
-106 (base 7) to base 14
-3d
Convert -3 (base 16) to base 13.
-3
-52 (base 6) to base 4
-200
Convert -b (base 12) to base 13.
-b
Convert 0 (base 11) to base 16.
0
-2 (base 12) to base 5
-2
Convert -5 (base 9) to base 3.
-12
What is -4 (base 6) in base 8?
-4
-54 (base 6) to base 14
-26
-100 (base 8) to base 2
-1000000
20 (base 8) to base 13
13
Convert -1110 (base 2) to base 9.
-15
Convert 2000 (base 3) to base 15.
39
Convert 221 (base 4) to base 5.
131
What is -3 (base 12) in base 2?
-11
-10012 (base 3) to base 14
-62
Convert 2 (base 3) to base 8.
2
What is 11101 (base 2) in base 13?
23
Convert -102 (base 4) to base 8.
-22
What is -242 (base 5) in base 15?
-4c
-3 (base 6) to base 14
-3
ba (base 15) to base 16
af
Convert 120 (base 3) to base 14.
11
-dd (base 14) to base 13
-120
What is -9 (base 12) in base 9?
-10
What is 10 (base 9) in base 4?
21
What is c (base 14) in base 13?
c
What is -b (base 12) in base 13?
-b
What is 1110 (base 7) in base 10?
399
-101101 (base 2) to base 8
-55
What is 1 (base 7) in base 15?
1
2 (base 7) to base 16
2
212 (base 3) to base 8
27
What is -29 (base 10) in base 2?
-11101
Convert -4 (base 13) to base 5.
-4
What is 13 (base 7) in base 4?
22
Convert -120 (base 4) to base 13.
-1b
Convert -8 (base 9) to base 6.
-12
What is 5c (base 14) in base 10?
82
-14 (base 5) to base 13
-9
Convert -11 (base 7) to base 12.
-8
6 (base 12) to base 15
6
What is 44 (base 13) in base 5?
211
-a5 (base 16) to base 4
-2211
Convert -3 (base 5) to base 16.
-3
-1110 (base 2) to base 12
-12
Convert -5 (base 14) to base 13.
-5
Convert 6 (base 12) to base 10.
6
4 (base 14) to base 2
100
-6 (base 11) to base 8
-6
Convert -30 (base 16) to base 4.
-300
Convert -301 (base 4) to base 15.
-34
0 (base 2) to base 12
0
-2232 (base 4) to base 16
-ae
What is 3 (base 10) in base 5?
3
Convert -55 (base 14) to base 13.
-5a
-12 (base 9) to base 7
-14
What is -103 (base 6) in base 14?
-2b
What is 7 (base 15) in base 12?
7
What is 5 (base 9) in base 3?
12
20 (base 5) to base 4
22
What is -51 (base 6) in base 14?
-23
What is 3 (base 4) in base 9?
3
What is 1 (base 8) in base 10?
1
What is -1 (base 10) in base 2?
-1
What is 10 (base 3) in base 14?
3
Convert -345 (base 6) to base 15.
-92
Convert 10 (base 2) to base 8.
2
What is -4 (base 10) in base 14?
-4
What is -c (base 15) in base 11?
-11
What is c1 (base 13) in base 6?
421
Convert -79 (base 15) to base 12.
-96
22 (base 8) to base 6
30
Convert -11 (base 11) to base 16.
-c
31 (base 11) to base 6
54
What is -4 (base 15) in base 4?
-10
Convert 37 (base 15) to base 3.
1221
What is -25 (base 10) in base 5?
-100
What is -3 (base 9) in base 2?
-11
What is 44 (base 6) in base 14?
20
What is -62 (base 14) in base 12?
-72
What is -4 (base 11) in base 13?
-4
What is -2 (base 10) in base 9?
-2
Convert 3 (base 5) to base 12.
3
What is 10001 (base 2) in base 8?
21
-10 (base 4) to base 2
-100
What is 13 (base 6) in base 13?
9
What is -1f (base 16) in base 5?
-111
Convert -9 (base 14) to base 16.
-9
What is 22 (base 4) in base 13?
a
Convert 5 (base 15) to base 11.
5
What is 36 (base 8) in base 4?
132
What is 1a (base 16) in base 6?
42
-3a (base 11) to base 13
-34
What is -313 (base 7) in base 8?
-235
What is -177 (base 11) in base 12?
-151
What is 137 (base 8) in base 3?
10112
What is 4a (base 11) in base 6?
130
-2 (base 9) to base 2
-10
Convert 3201 (base 4) to base 13.
144
10220 (base 3) to base 16
69
Convert -113 (base 4) to base 11.
-21
1122 (base 5) to base 6
430
Convert -3 (base 11) to base 13.
-3
-110011 (base 2) to base 12
-43
What is -1 (base 9) in base 16?
-1
Convert -201 (base 3) to base 11.
-18
What is -113 (base 4) in base 6?
-35
What is 1111 (base 2) in base 8?
17
-2 (base 16) to base 14
-2
What is -100 (base 14) in base 13?
-121
-19 (base 14) to base 16
-17
What is -11 (base 12) in base 5?
-23
Convert 101111 (base 2) to base 12.
3b
Convert 12 (base 6) to base 15.
8
-20 (base 8) to base 3
-121
What is -12 (base 6) in base 4?
-20
Convert -11 (base 12) to base 7.
-16
What is -55 (base 12) in base 6?
-145
Convert 1 (base 8) to base 9.
1
0 (base 2) to base 8
0
342 (base 5) to base 16
61
101 (base 4) to base 11
16
What is 11 (base 3) in base 9?
4
What is -7 (base 11) in base 5?
-12
What is 0 (base 9) in base 13?
0
12